{"id":380,"date":"2020-09-29T12:33:33","date_gmt":"2020-09-29T12:33:33","guid":{"rendered":"https:\/\/marubidentalcenter.com\/?page_id=380"},"modified":"2020-10-06T08:28:42","modified_gmt":"2020-10-06T08:28:42","slug":"turizmi-dentar","status":"publish","type":"page","link":"https:\/\/marubidentalcenter.com\/index.php\/turizmi-dentar\/","title":{"rendered":"TURIZMI DENTAR"},"content":{"rendered":"<div class=\"wpb-content-wrapper\"><p>[vc_row][vc_column][vc_empty_space height=&#8221;62px&#8221;][\/vc_column][\/vc_row][vc_row css=&#8221;.vc_custom_1601459190466{padding-top: 50px !important;}&#8221;][vc_column width=&#8221;1\/2&#8243;][vc_custom_heading text=&#8221;Turizmi Dentar&#8221; font_container=&#8221;tag:h3|text_align:left|color:%23f58345&#8243; google_fonts=&#8221;font_family:Montserrat%3Aregular%2C700|font_style:700%20bold%20regular%3A700%3Anormal&#8221;][vc_column_text]<\/p>\n<p style=\"text-align: justify;\">Klinika jon\u00eb s\u00eb fundi \u00ebsht\u00eb p\u00ebrfshir\u00eb n\u00eb Turizmin Dentar, duke i ofruar k\u00ebshtu pacient\u00ebve nga e gjith\u00eb Europa sh\u00ebrbime t\u00eb nj\u00eb standarti t\u00eb lart\u00eb\u00a0por me \u00e7mime konkuruese krahasuar me ato t\u00eb tregut europian.<\/p>\n<p style=\"text-align: justify;\">Pacient\u00ebve t\u00eb interesuar p\u00ebr tu trajtuar n\u00eb Klinik\u00ebn ton\u00eb, ne i mund\u00ebsojm\u00eb nj\u00eb preventiv real n\u00eb baz\u00eb t\u00eb nj\u00eb grafie Panoramike si dhe organizimin e udh\u00ebtimit t\u00eb tyre e q\u00ebndrimit n\u00eb Shqip\u00ebri.<\/p>\n<p style=\"text-align: justify;\">T\u00eb ndodhur n\u00eb qend\u00ebr t\u00eb qytetit t\u00eb Shkodr\u00ebs, nj\u00eb prej qyteteve m\u00eb atraktive t\u00eb Shqip\u00ebris\u00eb, vet\u00ebm 60 minuta larg Aeroportit N\u00ebn\u00eb Tereza, pacient\u00ebve tan\u00eb i ofrohet mund\u00ebsia q\u00eb t\u00eb vizitojn\u00eb atraksione nga m\u00eb t\u00eb ndryshmet duke filluar nga ato bregdetare (40 min); e deri tek ato malore (60 min) p\u00ebr t\u00eb b\u00ebr\u00eb q\u00ebndrimin n\u00eb Shqip\u00ebri akoma m\u00eb t\u00eb k\u00ebndsh\u00ebm.<\/p>\n<p>[\/vc_column_text][\/vc_column][vc_column width=&#8221;1\/2&#8243;][vc_single_image image=&#8221;397&#8243; img_size=&#8221;600&#215;400&#8243; onclick=&#8221;link_image&#8221;][\/vc_column][\/vc_row][vc_row css=&#8221;.vc_custom_1601461858221{padding-top: 40px !important;padding-bottom: 50px !important;}&#8221;][vc_column width=&#8221;1\/3&#8243;][vc_single_image image=&#8221;398&#8243; img_size=&#8221;full&#8221; onclick=&#8221;link_image&#8221;][\/vc_column][vc_column width=&#8221;1\/3&#8243;][vc_single_image image=&#8221;399&#8243; img_size=&#8221;full&#8221; onclick=&#8221;link_image&#8221;][\/vc_column][vc_column width=&#8221;1\/3&#8243;][vc_single_image image=&#8221;400&#8243; img_size=&#8221;full&#8221; onclick=&#8221;link_image&#8221;][\/vc_column][\/vc_row]<\/p>\n<\/div>","protected":false},"excerpt":{"rendered":"<p>[vc_row][vc_column][vc_empty_space height=&#8221;62px&#8221;][\/vc_column][\/vc_row][vc_row css=&#8221;.vc_custom_1601459190466{padding-top: 50px !important;}&#8221;][vc_column width=&#8221;1\/2&#8243;][vc_custom_heading text=&#8221;Turizmi Dentar&#8221; font_container=&#8221;tag:h3|text_align:left|color:%23f58345&#8243; google_fonts=&#8221;font_family:Montserrat%3Aregular%2C700|font_style:700%20bold%20regular%3A700%3Anormal&#8221;][vc_column_text] Klinika jon\u00eb s\u00eb fundi \u00ebsht\u00eb p\u00ebrfshir\u00eb n\u00eb Turizmin Dentar, duke i ofruar k\u00ebshtu pacient\u00ebve nga e gjith\u00eb Europa sh\u00ebrbime t\u00eb nj\u00eb standarti t\u00eb lart\u00eb\u00a0por me \u00e7mime konkuruese krahasuar me ato t\u00eb tregut europian. Pacient\u00ebve t\u00eb interesuar p\u00ebr tu trajtuar n\u00eb Klinik\u00ebn ton\u00eb, ne i mund\u00ebsojm\u00eb&hellip;<\/p>\n","protected":false},"author":1,"featured_media":0,"parent":0,"menu_order":0,"comment_status":"closed","ping_status":"closed","template":"","meta":{"footnotes":""},"class_list":["post-380","page","type-page","status-publish","hentry","description-off"],"_links":{"self":[{"href":"https:\/\/marubidentalcenter.com\/index.php\/wp-json\/wp\/v2\/pages\/380","targetHints":{"allow":["GET"]}}],"collection":[{"href":"https:\/\/marubidentalcenter.com\/index.php\/wp-json\/wp\/v2\/pages"}],"about":[{"href":"https:\/\/marubidentalcenter.com\/index.php\/wp-json\/wp\/v2\/types\/page"}],"author":[{"embeddable":true,"href":"https:\/\/marubidentalcenter.com\/index.php\/wp-json\/wp\/v2\/users\/1"}],"replies":[{"embeddable":true,"href":"https:\/\/marubidentalcenter.com\/index.php\/wp-json\/wp\/v2\/comments?post=380"}],"version-history":[{"count":6,"href":"https:\/\/marubidentalcenter.com\/index.php\/wp-json\/wp\/v2\/pages\/380\/revisions"}],"predecessor-version":[{"id":545,"href":"https:\/\/marubidentalcenter.com\/index.php\/wp-json\/wp\/v2\/pages\/380\/revisions\/545"}],"wp:attachment":[{"href":"https:\/\/marubidentalcenter.com\/index.php\/wp-json\/wp\/v2\/media?parent=380"}],"curies":[{"name":"wp","href":"https:\/\/api.w.org\/{rel}","templated":true}]}}