{"id":227,"date":"2020-08-19T09:44:50","date_gmt":"2020-08-19T09:44:50","guid":{"rendered":"https:\/\/marubidentalcenter.com\/?page_id=227"},"modified":"2020-08-19T15:40:54","modified_gmt":"2020-08-19T15:40:54","slug":"diagnostikim-radiologjik","status":"publish","type":"page","link":"https:\/\/marubidentalcenter.com\/index.php\/diagnostikim-radiologjik\/","title":{"rendered":"Diagnostikim Radiologjik"},"content":{"rendered":"<div class=\"wpb-content-wrapper\"><p>[vc_row][vc_column][vc_empty_space height=&#8221;62px&#8221;][\/vc_column][\/vc_row][vc_row css=&#8221;.vc_custom_1597851656331{padding-bottom: 50px !important;}&#8221;][vc_column width=&#8221;1\/2&#8243;][vc_empty_space height=&#8221;20px&#8221;][vc_custom_heading text=&#8221;Diagnostikim Radiologjik&#8221; font_container=&#8221;tag:h2|text_align:left|color:%23f58345&#8243; google_fonts=&#8221;font_family:Montserrat%3Aregular%2C700|font_style:700%20bold%20regular%3A700%3Anormal&#8221;][vc_empty_space height=&#8221;20px&#8221;][vc_column_text]<em>Grafi panoramike, cefalometrike dhe intraorale<\/em><\/p>\n<p>N\u00eb ambientet e klinik\u00ebs son\u00ebmund t\u00eb kryhen ekzaminime radiologjike si: Grafi Panoramike (e t\u00eb gjith\u00eb goj\u00ebs) dhe grafi intraorale (grafi e seksioneve t\u00eb k\u00ebrkuara nga mjeku).[\/vc_column_text][\/vc_column][vc_column width=&#8221;1\/2&#8243;][vc_single_image image=&#8221;229&#8243; img_size=&#8221;full&#8221; alignment=&#8221;center&#8221;][\/vc_column][\/vc_row]<\/p>\n<\/div>","protected":false},"excerpt":{"rendered":"<p>[vc_row][vc_column][vc_empty_space height=&#8221;62px&#8221;][\/vc_column][\/vc_row][vc_row css=&#8221;.vc_custom_1597851656331{padding-bottom: 50px !important;}&#8221;][vc_column width=&#8221;1\/2&#8243;][vc_empty_space height=&#8221;20px&#8221;][vc_custom_heading text=&#8221;Diagnostikim Radiologjik&#8221; font_container=&#8221;tag:h2|text_align:left|color:%23f58345&#8243; google_fonts=&#8221;font_family:Montserrat%3Aregular%2C700|font_style:700%20bold%20regular%3A700%3Anormal&#8221;][vc_empty_space height=&#8221;20px&#8221;][vc_column_text]Grafi panoramike, cefalometrike dhe intraorale N\u00eb ambientet e klinik\u00ebs son\u00ebmund t\u00eb kryhen ekzaminime radiologjike si: Grafi Panoramike (e t\u00eb gjith\u00eb goj\u00ebs) dhe grafi intraorale (grafi e seksioneve t\u00eb k\u00ebrkuara nga mjeku).[\/vc_column_text][\/vc_column][vc_column width=&#8221;1\/2&#8243;][vc_single_image image=&#8221;229&#8243; img_size=&#8221;full&#8221; alignment=&#8221;center&#8221;][\/vc_column][\/vc_row]<\/p>\n","protected":false},"author":1,"featured_media":0,"parent":0,"menu_order":0,"comment_status":"closed","ping_status":"closed","template":"","meta":{"footnotes":""},"class_list":["post-227","page","type-page","status-publish","hentry","description-off"],"_links":{"self":[{"href":"https:\/\/marubidentalcenter.com\/index.php\/wp-json\/wp\/v2\/pages\/227","targetHints":{"allow":["GET"]}}],"collection":[{"href":"https:\/\/marubidentalcenter.com\/index.php\/wp-json\/wp\/v2\/pages"}],"about":[{"href":"https:\/\/marubidentalcenter.com\/index.php\/wp-json\/wp\/v2\/types\/page"}],"author":[{"embeddable":true,"href":"https:\/\/marubidentalcenter.com\/index.php\/wp-json\/wp\/v2\/users\/1"}],"replies":[{"embeddable":true,"href":"https:\/\/marubidentalcenter.com\/index.php\/wp-json\/wp\/v2\/comments?post=227"}],"version-history":[{"count":4,"href":"https:\/\/marubidentalcenter.com\/index.php\/wp-json\/wp\/v2\/pages\/227\/revisions"}],"predecessor-version":[{"id":333,"href":"https:\/\/marubidentalcenter.com\/index.php\/wp-json\/wp\/v2\/pages\/227\/revisions\/333"}],"wp:attachment":[{"href":"https:\/\/marubidentalcenter.com\/index.php\/wp-json\/wp\/v2\/media?parent=227"}],"curies":[{"name":"wp","href":"https:\/\/api.w.org\/{rel}","templated":true}]}}