{"id":188,"date":"2020-08-19T08:58:44","date_gmt":"2020-08-19T08:58:44","guid":{"rendered":"https:\/\/marubidentalcenter.com\/?page_id=188"},"modified":"2020-09-30T08:27:55","modified_gmt":"2020-09-30T08:27:55","slug":"kirurgjia-orale","status":"publish","type":"page","link":"https:\/\/marubidentalcenter.com\/index.php\/kirurgjia-orale\/","title":{"rendered":"Kirurgjia Orale"},"content":{"rendered":"<div class=\"wpb-content-wrapper\"><p>[vc_row][vc_column][vc_empty_space height=&#8221;62px&#8221;][\/vc_column][\/vc_row][vc_row][vc_column offset=&#8221;vc_hidden-sm vc_hidden-xs&#8221;]<div id=\"advanced-tabs-desc-wrap-4989\" class=\"ult_tabs \" style=\" \" data-tabsstyle=\"style2\"\n data-titlebg=\"#f58345\" data-titlecolor=\"#ffffff\" data-fullheight=\"off\"\n data-titlehoverbg=\"#4f90d1\" data-titlehovercolor=\"#ffffff\"\n data-rotatetabs=\"0\" data-responsivemode=\"Both\" data-animation=\"Slide\"\ndata-activetitle=\"#ffffff\" data-activeicon=\"\" data-activebg=\"#6c8bc7\"  data-respmode=\"Accordion\" data-respwidth=\"400\" data-scroll = \"on\" data-activeindex=\"1\"><ul id=advanced-tabs-wrap-1093 class=\"ult_tabmenu style2 \" style=\"color:transparent;border-bottom-color:transparent;border-bottom-width:0px;border-bottom-style:solid;border-bottom-width:0px;\"><li class=\"ult_tab_li   \" data-iconcolor=\"#74777b\" data-iconhover=\"#ffffff\" style=\"\">\n\t\t\t\t\t<a href=\"#1572360522767-7\" id=\"1572360522767-7\" style=\"color:#ffffff;background-color:#f58345;border-top-left-radius:8px;;  \" class=\"ult_a \">\n\t\t\t\t\t   <span class=\"ult_tab_main  Both \">\n\t\t\t\t\t    <span class=\"ult_tab_section\">\n\t\t\t\t\t  \t\t<span  data-ultimate-target='#advanced-tabs-wrap-1093 .ult-span-text'  data-responsive-json-new='{\"font-size\":\"desktop:15px;\",\"line-height\":\"\"}'  class=\"ult-span-text ult-responsive\" style=\"\">Heqja e Dhemballave t\u00eb Pjekuris\u00eb<\/span>\n\t\t\t\t\t\t   \t<span class=\"aio-icon none ult_tab_iconright\" style=\"color:#74777b;font-size:15px;\">\n\t\t\t\t\t\t   \t<i class=\"   ult_tab_icon\"  ><\/i>\n\t\t\t\t\t\t   <\/span>\n\t\t\t\t\t\t<\/span>\n\t\t\t\t\t   <\/span>\n\n\t\t\t\t\t<\/a>\n\t\t\t\t\t<\/li><li class=\"ult_tab_li   \" data-iconcolor=\"#74777b\" data-iconhover=\"#ffffff\" style=\"\">\n\t\t\t\t\t<a href=\"#1597759784950-1-6\" id=\"1597759784950-1-6\" style=\"color:#ffffff;background-color:#f58345;;  \" class=\"ult_a \">\n\t\t\t\t\t   <span class=\"ult_tab_main  Both \">\n\t\t\t\t\t    <span class=\"ult_tab_section\">\n\t\t\t\t\t  \t\t<span  data-ultimate-target='#advanced-tabs-wrap-1093 .ult-span-text'  data-responsive-json-new='{\"font-size\":\"desktop:15px;\",\"line-height\":\"\"}'  class=\"ult-span-text ult-responsive\" style=\"\">Rezeksion Apikal<\/span>\n\t\t\t\t\t\t   \t<span class=\"aio-icon none ult_tab_iconright\" style=\"color:#74777b;font-size:15px;\">\n\t\t\t\t\t\t   \t<i class=\"   ult_tab_icon\"  ><\/i>\n\t\t\t\t\t\t   <\/span>\n\t\t\t\t\t\t<\/span>\n\t\t\t\t\t   <\/span>\n\n\t\t\t\t\t<\/a>\n\t\t\t\t\t<\/li><li class=\"ult_tab_li   \" data-iconcolor=\"#74777b\" data-iconhover=\"#ffffff\" style=\"\">\n\t\t\t\t\t<a href=\"#1597759803215-2-3\" id=\"1597759803215-2-3\" style=\"color:#ffffff;background-color:#f58345;;  \" class=\"ult_a \">\n\t\t\t\t\t   <span class=\"ult_tab_main  Both \">\n\t\t\t\t\t    <span class=\"ult_tab_section\">\n\t\t\t\t\t  \t\t<span  data-ultimate-target='#advanced-tabs-wrap-1093 .ult-span-text'  data-responsive-json-new='{\"font-size\":\"desktop:15px;\",\"line-height\":\"\"}'  class=\"ult-span-text ult-responsive\" style=\"\">Kirurgji Parodontale-Trajtim me Lazer<\/span>\n\t\t\t\t\t\t   \t<span class=\"aio-icon none ult_tab_iconright\" style=\"color:#74777b;font-size:15px;\">\n\t\t\t\t\t\t   \t<i class=\"   ult_tab_icon\"  ><\/i>\n\t\t\t\t\t\t   <\/span>\n\t\t\t\t\t\t<\/span>\n\t\t\t\t\t   <\/span>\n\n\t\t\t\t\t<\/a>\n\t\t\t\t\t<\/li><li class=\"ult_tab_li   \" data-iconcolor=\"#74777b\" data-iconhover=\"#ffffff\" style=\"\">\n\t\t\t\t\t<a href=\"#1597759863499-3-8\" id=\"1597759863499-3-8\" style=\"color:#ffffff;background-color:#f58345;border-top-right-radius:8px;;  \" class=\"ult_a \">\n\t\t\t\t\t   <span class=\"ult_tab_main  Both \">\n\t\t\t\t\t    <span class=\"ult_tab_section\">\n\t\t\t\t\t  \t\t<span  data-ultimate-target='#advanced-tabs-wrap-1093 .ult-span-text'  data-responsive-json-new='{\"font-size\":\"desktop:15px;\",\"line-height\":\"\"}'  class=\"ult-span-text ult-responsive\" style=\"\">Trajtimi i Abceseve dhe Kistave<\/span>\n\t\t\t\t\t\t   \t<span class=\"aio-icon none ult_tab_iconright\" style=\"color:#74777b;font-size:15px;\">\n\t\t\t\t\t\t   \t<i class=\"   ult_tab_icon\"  ><\/i>\n\t\t\t\t\t\t   <\/span>\n\t\t\t\t\t\t<\/span>\n\t\t\t\t\t   <\/span>\n\n\t\t\t\t\t<\/a>\n\t\t\t\t\t<\/li><\/ul><div  data-ultimate-target='#advanced-tabs-desc-wrap-4989 .ult_tabcontent .ult_tab_min_contain  p'  data-responsive-json-new='{\"font-size\":\"\",\"line-height\":\"\"}' class=\"ult_tabcontent ult-responsive style2\" style=\"color:#74777b;\"><div class=\"ult_tab_min_contain \" >\n\t\t\t<div  class=\"ult_tabitemname\"  >\n\t\t\t\t[vc_empty_space height=&#8221;30px&#8221;][vc_row_inner][vc_column_inner][vc_column_text]<\/p>\n<p style=\"text-align: justify;\">Shpesh prania e dhemballave t\u00eb pjekuris\u00eb paraqet shqet\u00ebsime t\u00ebk pacienti, kjo nga shkaqe t\u00eb ndryshme. Duke konsideruar pozicionin e ketyr\u00eb dh\u00ebmballave, heqja e tyre jo gjithmon\u00eb\u00ebsht\u00eb aq e thjesht\u00ebsa mund t\u00eb pritet e nuk mund t\u00eb realizohet nga \u00e7do mjek stomatolog.<\/p>\n<p style=\"text-align: justify;\">N\u00eb klinik\u00ebn ton\u00eb ju do t\u00eb gjeni jo vet\u00ebm ambientin e nj\u00eb salle t\u00eb mirfillt\u00eb kirurgjikale por edhe profesionistin e duhur p\u00ebr t\u00eb kryer k\u00ebt\u00eb nd\u00ebrhyrje.<\/p>\n<p style=\"text-align: justify;\">Heqjet e dh\u00ebmballave t\u00eb pjekuris\u00eb mund t\u00eb jen\u00eb nga m\u00eb t\u00eb thjeshtat e deri tek ato me t\u00eb v\u00ebshtirat t\u00eb cilat mund t\u00eb k\u00ebrkojn\u00eb dhe nj\u00eb nd\u00ebrhyrje m\u00eb t\u00eb gj\u00ebr\u00eb kirurgjikale. N\u00eb t\u00eb dyja rastet, tek ne do t\u00eb gjeni zgjidhjen optimale.<\/p>\n<p>[\/vc_column_text][vc_single_image image=&#8221;206&#8243; img_size=&#8221;full&#8221; alignment=&#8221;center&#8221;][\/vc_column_inner][\/vc_row_inner]\n\t\t\t<\/div>\n\t\t\t<div  class=\"ult_tabitemname\"  >\n\t\t\t\t[vc_empty_space height=&#8221;30px&#8221;][vc_row_inner][vc_column_inner width=&#8221;1\/2&#8243;][vc_column_text]<\/p>\n<p style=\"text-align: justify;\">Rezeksioni apikal\u00ebsht\u00eb mund\u00ebsia e fundit p\u00ebr ruajtjen e nj\u00eb dh\u00ebmbi n\u00eb rastet e nj\u00eb infeksioni ne maj\u00ebn e rr\u00ebnj\u00ebs s\u00eb dh\u00ebmbit (Apex-it).<\/p>\n<p style=\"text-align: justify;\">Shpesh zonat e infektuara p\u00ebrtej Apex-it nuk arrihen nga nj\u00eb mbushje e kanalit t\u00eb dh\u00ebmbit.Ne disa raste madje ndosht q\u00eb n\u00eb k\u00ebto zona t\u00eb krijohen edhe Kista.N\u00eb k\u00ebto kushte \u00ebsht\u00eb e nevojshme nj\u00eb nd\u00ebrhyrje m\u00eb e gj\u00ebr\u00eb kirurgjikale e cila konsiston n\u00eb heqjen e indeve t\u00eb s\u00ebmura dh\u00eb mbushjen e k\u00ebsaj hap\u00ebsire me Kolagjen dhe Material biologjik q\u00eb z\u00ebv\u00ebnd\u00ebson kocken duke mund\u00ebsuar k\u00ebshtu sh\u00ebrimin e plot\u00eb t\u00eb infeksionit.<\/p>\n<p>[\/vc_column_text][\/vc_column_inner][vc_column_inner width=&#8221;1\/2&#8243;][vc_empty_space height=&#8221;20px&#8221;][vc_single_image image=&#8221;195&#8243; img_size=&#8221;full&#8221; alignment=&#8221;center&#8221;][\/vc_column_inner][\/vc_row_inner]\n\t\t\t<\/div>\n\t\t\t<div  class=\"ult_tabitemname\"  >\n\t\t\t\t[vc_empty_space height=&#8221;30px&#8221;][vc_row_inner][vc_column_inner width=&#8221;1\/2&#8243;][vc_empty_space height=&#8221;30px&#8221;][vc_column_text]<\/p>\n<p style=\"text-align: justify;\">Eleminimi i s\u00ebmundjes s\u00eb mishit t\u00eb dh\u00ebmb\u00ebve dhe Prodontit, p\u00ebr rregullimin estetik pre-protetik. <em>(Faseta\/Korona estetike)<\/em><\/p>\n<p style=\"text-align: justify;\">Zgjatje koronale e lembos.<\/p>\n<p style=\"text-align: justify;\">Frenektomi\/ Frenotomi-Shkurtim ose eleminim i fijes q\u00eb lidh buz\u00ebn me mishin e dh\u00ebmb\u00ebve.<\/p>\n<p>[\/vc_column_text][\/vc_column_inner][vc_column_inner width=&#8221;1\/2&#8243;][vc_single_image image=&#8221;203&#8243; img_size=&#8221;full&#8221; alignment=&#8221;center&#8221;][\/vc_column_inner][\/vc_row_inner]\n\t\t\t<\/div>\n\t\t\t<div  class=\"ult_tabitemname\"  >\n\t\t\t\t[vc_empty_space height=&#8221;30px&#8221;][vc_row_inner][vc_column_inner width=&#8221;1\/2&#8243;][vc_empty_space height=&#8221;20px&#8221;][vc_column_text]<\/p>\n<p style=\"text-align: justify;\">N\u00eb trajtimin e Abceseve dhe kistave p\u00ebrfshihet nj\u00eb nd\u00ebrhyrje kirurgjikale e cila konsiston n\u00eb largimin dhe drenimin e materialit t\u00eb tyre i cili si\u00e7 kuptohet konsiderohet s ii d\u00ebmsh\u00ebm e i pasur me baktere e mikroorganizma t\u00eb tjer\u00eb patogjene.<\/p>\n<p style=\"text-align: justify;\">K\u00ebto lloj trsjtimesh k\u00ebrkojn\u00eb nj\u00eb eksperience t\u00eb mjaftueshme n\u00eb m\u00ebnyr\u00eb q\u00eb t\u00eb parandalohen d\u00ebmtime t\u00eb m\u00eb tejshme t\u00eb kockes e t\u00eb dh\u00ebmb\u00ebve.<\/p>\n<p>[\/vc_column_text][\/vc_column_inner][vc_column_inner width=&#8221;1\/2&#8243;][vc_single_image image=&#8221;209&#8243; img_size=&#8221;full&#8221; alignment=&#8221;center&#8221;][\/vc_column_inner][\/vc_row_inner]\n\t\t\t<\/div><\/div><\/div><\/div><div class=\"ult_acord advanced-tabs-desc-wrap-4989\">\n   <div class=\"ult-tabto-accordion \" style=\"width:;\"\n    data-titlecolor=\"#ffffff\"  data-titlebg=\"#f58345\"\n     data-titlehoverbg=\"#4f90d1\" data-titlehovercolor=\"#ffffff\" data-animation=\"Slide\"\n     data-activetitle=\"#ffffff\" data-activeicon=\"\" data-activebg=\"#6c8bc7\" data-scroll = \"on\" data-activeindex=\"1\" >\n     <dl><dt class=\"\">\n        \t<a class=\"ult-tabto-actitle withBorder ult_a\" id=\"1572360522767-7\" style=\"color:#ffffff;;background-color:#f58345;border-bottom-color:transparent;border-bottom-width:0px;border-bottom-style:solid;\" href=\"#1572360522767-7\">\n        \t\t<i class=\"accordion-icon\"><\/i>\n        \t\t\t<span class=\"ult_tab_main ult_ac_mainBoth\">\n\t\t\t\t\t   <span  data-ultimate-target='#advanced-tabs-wrap-1093 .ult-span-text'  data-responsive-json-new='{\"font-size\":\"desktop:15px;\",\"line-height\":\"\"}'  class=\"ult-span-text ult_acordian-text ult-responsive\" style=\";color:inherit \" >Heqja e Dhemballave t\u00eb Pjekuris\u00eb<\/span>\n\t\t\t\t\t<\/span>\n\t\t\t\t\t   <div class=\"aio-icon none \" style=\"color:#74777b;font-size:15px;\" data-iconcolor=\"#74777b\" data-iconhover=\"#ffffff\">\n\t\t\t\t\t   <i class=\"    ult_tab_icon\"  ><\/i>\n\t\t\t\t\t   <\/div>\n\t\t\t\t\t<\/a><\/dt>\n            \t\t<dd class=\"ult-tabto-accordionItem ult-tabto-accolapsed\">\n\t\t\t            <div class=\"ult-tabto-acontent\" style=\"color:#74777b;\">\n\t\t\t               [vc_empty_space height=&#8221;30px&#8221;][vc_row_inner][vc_column_inner][vc_column_text]<\/p>\n<p style=\"text-align: justify;\">Shpesh prania e dhemballave t\u00eb pjekuris\u00eb paraqet shqet\u00ebsime t\u00ebk pacienti, kjo nga shkaqe t\u00eb ndryshme. Duke konsideruar pozicionin e ketyr\u00eb dh\u00ebmballave, heqja e tyre jo gjithmon\u00eb\u00ebsht\u00eb aq e thjesht\u00ebsa mund t\u00eb pritet e nuk mund t\u00eb realizohet nga \u00e7do mjek stomatolog.<\/p>\n<p style=\"text-align: justify;\">N\u00eb klinik\u00ebn ton\u00eb ju do t\u00eb gjeni jo vet\u00ebm ambientin e nj\u00eb salle t\u00eb mirfillt\u00eb kirurgjikale por edhe profesionistin e duhur p\u00ebr t\u00eb kryer k\u00ebt\u00eb nd\u00ebrhyrje.<\/p>\n<p style=\"text-align: justify;\">Heqjet e dh\u00ebmballave t\u00eb pjekuris\u00eb mund t\u00eb jen\u00eb nga m\u00eb t\u00eb thjeshtat e deri tek ato me t\u00eb v\u00ebshtirat t\u00eb cilat mund t\u00eb k\u00ebrkojn\u00eb dhe nj\u00eb nd\u00ebrhyrje m\u00eb t\u00eb gj\u00ebr\u00eb kirurgjikale. N\u00eb t\u00eb dyja rastet, tek ne do t\u00eb gjeni zgjidhjen optimale.<\/p>\n<p>[\/vc_column_text][vc_single_image image=&#8221;206&#8243; img_size=&#8221;full&#8221; alignment=&#8221;center&#8221;][\/vc_column_inner][\/vc_row_inner]\n\t\t\t            <\/div>\n        \t<\/dd><dt class=\"\">\n        \t<a class=\"ult-tabto-actitle withBorder ult_a\" id=\"1597759784950-1-6\" style=\"color:#ffffff;;background-color:#f58345;border-bottom-color:transparent;border-bottom-width:0px;border-bottom-style:solid;border-bottom-color:transparent;border-bottom-width:0px;border-bottom-style:solid;\" href=\"#1597759784950-1-6\">\n        \t\t<i class=\"accordion-icon\"><\/i>\n        \t\t\t<span class=\"ult_tab_main ult_ac_mainBoth\">\n\t\t\t\t\t   <span  data-ultimate-target='#advanced-tabs-wrap-1093 .ult-span-text'  data-responsive-json-new='{\"font-size\":\"desktop:15px;\",\"line-height\":\"\"}'  class=\"ult-span-text ult_acordian-text ult-responsive\" style=\";color:inherit \" >Rezeksion Apikal<\/span>\n\t\t\t\t\t<\/span>\n\t\t\t\t\t   <div class=\"aio-icon none \" style=\"color:#74777b;font-size:15px;\" data-iconcolor=\"#74777b\" data-iconhover=\"#ffffff\">\n\t\t\t\t\t   <i class=\"    ult_tab_icon\"  ><\/i>\n\t\t\t\t\t   <\/div>\n\t\t\t\t\t<\/a><\/dt>\n            \t\t<dd class=\"ult-tabto-accordionItem ult-tabto-accolapsed\">\n\t\t\t            <div class=\"ult-tabto-acontent\" style=\"color:#74777b;\">\n\t\t\t               [vc_empty_space height=&#8221;30px&#8221;][vc_row_inner][vc_column_inner width=&#8221;1\/2&#8243;][vc_column_text]<\/p>\n<p style=\"text-align: justify;\">Rezeksioni apikal\u00ebsht\u00eb mund\u00ebsia e fundit p\u00ebr ruajtjen e nj\u00eb dh\u00ebmbi n\u00eb rastet e nj\u00eb infeksioni ne maj\u00ebn e rr\u00ebnj\u00ebs s\u00eb dh\u00ebmbit (Apex-it).<\/p>\n<p style=\"text-align: justify;\">Shpesh zonat e infektuara p\u00ebrtej Apex-it nuk arrihen nga nj\u00eb mbushje e kanalit t\u00eb dh\u00ebmbit.Ne disa raste madje ndosht q\u00eb n\u00eb k\u00ebto zona t\u00eb krijohen edhe Kista.N\u00eb k\u00ebto kushte \u00ebsht\u00eb e nevojshme nj\u00eb nd\u00ebrhyrje m\u00eb e gj\u00ebr\u00eb kirurgjikale e cila konsiston n\u00eb heqjen e indeve t\u00eb s\u00ebmura dh\u00eb mbushjen e k\u00ebsaj hap\u00ebsire me Kolagjen dhe Material biologjik q\u00eb z\u00ebv\u00ebnd\u00ebson kocken duke mund\u00ebsuar k\u00ebshtu sh\u00ebrimin e plot\u00eb t\u00eb infeksionit.<\/p>\n<p>[\/vc_column_text][\/vc_column_inner][vc_column_inner width=&#8221;1\/2&#8243;][vc_empty_space height=&#8221;20px&#8221;][vc_single_image image=&#8221;195&#8243; img_size=&#8221;full&#8221; alignment=&#8221;center&#8221;][\/vc_column_inner][\/vc_row_inner]\n\t\t\t            <\/div>\n        \t<\/dd><dt class=\"\">\n        \t<a class=\"ult-tabto-actitle withBorder ult_a\" id=\"1597759803215-2-3\" style=\"color:#ffffff;;background-color:#f58345;border-bottom-color:transparent;border-bottom-width:0px;border-bottom-style:solid;border-bottom-color:transparent;border-bottom-width:0px;border-bottom-style:solid;border-bottom-color:transparent;border-bottom-width:0px;border-bottom-style:solid;\" href=\"#1597759803215-2-3\">\n        \t\t<i class=\"accordion-icon\"><\/i>\n        \t\t\t<span class=\"ult_tab_main ult_ac_mainBoth\">\n\t\t\t\t\t   <span  data-ultimate-target='#advanced-tabs-wrap-1093 .ult-span-text'  data-responsive-json-new='{\"font-size\":\"desktop:15px;\",\"line-height\":\"\"}'  class=\"ult-span-text ult_acordian-text ult-responsive\" style=\";color:inherit \" >Kirurgji Parodontale-Trajtim me Lazer<\/span>\n\t\t\t\t\t<\/span>\n\t\t\t\t\t   <div class=\"aio-icon none \" style=\"color:#74777b;font-size:15px;\" data-iconcolor=\"#74777b\" data-iconhover=\"#ffffff\">\n\t\t\t\t\t   <i class=\"    ult_tab_icon\"  ><\/i>\n\t\t\t\t\t   <\/div>\n\t\t\t\t\t<\/a><\/dt>\n            \t\t<dd class=\"ult-tabto-accordionItem ult-tabto-accolapsed\">\n\t\t\t            <div class=\"ult-tabto-acontent\" style=\"color:#74777b;\">\n\t\t\t               [vc_empty_space height=&#8221;30px&#8221;][vc_row_inner][vc_column_inner width=&#8221;1\/2&#8243;][vc_empty_space height=&#8221;30px&#8221;][vc_column_text]<\/p>\n<p style=\"text-align: justify;\">Eleminimi i s\u00ebmundjes s\u00eb mishit t\u00eb dh\u00ebmb\u00ebve dhe Prodontit, p\u00ebr rregullimin estetik pre-protetik. <em>(Faseta\/Korona estetike)<\/em><\/p>\n<p style=\"text-align: justify;\">Zgjatje koronale e lembos.<\/p>\n<p style=\"text-align: justify;\">Frenektomi\/ Frenotomi-Shkurtim ose eleminim i fijes q\u00eb lidh buz\u00ebn me mishin e dh\u00ebmb\u00ebve.<\/p>\n<p>[\/vc_column_text][\/vc_column_inner][vc_column_inner width=&#8221;1\/2&#8243;][vc_single_image image=&#8221;203&#8243; img_size=&#8221;full&#8221; alignment=&#8221;center&#8221;][\/vc_column_inner][\/vc_row_inner]\n\t\t\t            <\/div>\n        \t<\/dd><dt class=\"\">\n        \t<a class=\"ult-tabto-actitle withBorder ult_a\" id=\"1597759863499-3-8\" style=\"color:#ffffff;;background-color:#f58345;border-bottom-color:transparent;border-bottom-width:0px;border-bottom-style:solid;border-bottom-color:transparent;border-bottom-width:0px;border-bottom-style:solid;border-bottom-color:transparent;border-bottom-width:0px;border-bottom-style:solid;border-bottom-color:transparent;border-bottom-width:0px;border-bottom-style:solid;\" href=\"#1597759863499-3-8\">\n        \t\t<i class=\"accordion-icon\"><\/i>\n        \t\t\t<span class=\"ult_tab_main ult_ac_mainBoth\">\n\t\t\t\t\t   <span  data-ultimate-target='#advanced-tabs-wrap-1093 .ult-span-text'  data-responsive-json-new='{\"font-size\":\"desktop:15px;\",\"line-height\":\"\"}'  class=\"ult-span-text ult_acordian-text ult-responsive\" style=\";color:inherit \" >Trajtimi i Abceseve dhe Kistave<\/span>\n\t\t\t\t\t<\/span>\n\t\t\t\t\t   <div class=\"aio-icon none \" style=\"color:#74777b;font-size:15px;\" data-iconcolor=\"#74777b\" data-iconhover=\"#ffffff\">\n\t\t\t\t\t   <i class=\"    ult_tab_icon\"  ><\/i>\n\t\t\t\t\t   <\/div>\n\t\t\t\t\t<\/a><\/dt>\n            \t\t<dd class=\"ult-tabto-accordionItem ult-tabto-accolapsed\">\n\t\t\t            <div class=\"ult-tabto-acontent\" style=\"color:#74777b;\">\n\t\t\t               [vc_empty_space height=&#8221;30px&#8221;][vc_row_inner][vc_column_inner width=&#8221;1\/2&#8243;][vc_empty_space height=&#8221;20px&#8221;][vc_column_text]<\/p>\n<p style=\"text-align: justify;\">N\u00eb trajtimin e Abceseve dhe kistave p\u00ebrfshihet nj\u00eb nd\u00ebrhyrje kirurgjikale e cila konsiston n\u00eb largimin dhe drenimin e materialit t\u00eb tyre i cili si\u00e7 kuptohet konsiderohet s ii d\u00ebmsh\u00ebm e i pasur me baktere e mikroorganizma t\u00eb tjer\u00eb patogjene.<\/p>\n<p style=\"text-align: justify;\">K\u00ebto lloj trsjtimesh k\u00ebrkojn\u00eb nj\u00eb eksperience t\u00eb mjaftueshme n\u00eb m\u00ebnyr\u00eb q\u00eb t\u00eb parandalohen d\u00ebmtime t\u00eb m\u00eb tejshme t\u00eb kockes e t\u00eb dh\u00ebmb\u00ebve.<\/p>\n<p>[\/vc_column_text][\/vc_column_inner][vc_column_inner width=&#8221;1\/2&#8243;][vc_single_image image=&#8221;209&#8243; img_size=&#8221;full&#8221; alignment=&#8221;center&#8221;][\/vc_column_inner][\/vc_row_inner]\n\t\t\t            <\/div>\n        \t<\/dd>\n    \t<\/dl>\n    <!--<div class=\"extraborder\" style=\"background-color:#4f90d1\"><\/div>-->\n<\/div>\n\n<\/div>[\/vc_column][\/vc_row][vc_row][vc_column offset=&#8221;vc_hidden-sm vc_hidden-xs&#8221;][vc_empty_space height=&#8221;62px&#8221;][\/vc_column][\/vc_row][vc_row][vc_column offset=&#8221;vc_hidden-lg vc_hidden-md&#8221;][vc_row_inner][vc_column_inner][vc_custom_heading text=&#8221;Heqja e Dhemballave t\u00eb Pjekuris\u00eb&#8221; font_container=&#8221;tag:h3|text_align:left|color:%23f58345&#8243; google_fonts=&#8221;font_family:Montserrat%3Aregular%2C700|font_style:700%20bold%20regular%3A700%3Anormal&#8221;][vc_column_text]<\/p>\n<p style=\"text-align: justify;\">Shpesh prania e dhemballave t\u00eb pjekuris\u00eb paraqet shqet\u00ebsime t\u00ebk pacienti, kjo nga shkaqe t\u00eb ndryshme. Duke konsideruar pozicionin e ketyr\u00eb dh\u00ebmballave, heqja e tyre jo gjithmon\u00eb\u00ebsht\u00eb aq e thjesht\u00ebsa mund t\u00eb pritet e nuk mund t\u00eb realizohet nga \u00e7do mjek stomatolog.<\/p>\n<p style=\"text-align: justify;\">N\u00eb klinik\u00ebn ton\u00eb ju do t\u00eb gjeni jo vet\u00ebm ambientin e nj\u00eb salle t\u00eb mirfillt\u00eb kirurgjikale por edhe profesionistin e duhur p\u00ebr t\u00eb kryer k\u00ebt\u00eb nd\u00ebrhyrje.<\/p>\n<p style=\"text-align: justify;\">Heqjet e dh\u00ebmballave t\u00eb pjekuris\u00eb mund t\u00eb jen\u00eb nga m\u00eb t\u00eb thjeshtat e deri tek ato me t\u00eb v\u00ebshtirat t\u00eb cilat mund t\u00eb k\u00ebrkojn\u00eb dhe nj\u00eb nd\u00ebrhyrje m\u00eb t\u00eb gj\u00ebr\u00eb kirurgjikale. N\u00eb t\u00eb dyja rastet, tek ne do t\u00eb gjeni zgjidhjen optimale.<\/p>\n<p>[\/vc_column_text][vc_single_image image=&#8221;206&#8243; img_size=&#8221;full&#8221; alignment=&#8221;center&#8221;][\/vc_column_inner][\/vc_row_inner][vc_row_inner][vc_column_inner width=&#8221;1\/2&#8243;][vc_custom_heading text=&#8221;Rezeksion Apikal&#8221; font_container=&#8221;tag:h3|text_align:left|color:%23f58345&#8243; google_fonts=&#8221;font_family:Montserrat%3Aregular%2C700|font_style:700%20bold%20regular%3A700%3Anormal&#8221;][vc_column_text]<\/p>\n<p style=\"text-align: justify;\">Rezeksioni apikal\u00ebsht\u00eb mund\u00ebsia e fundit p\u00ebr ruajtjen e nj\u00eb dh\u00ebmbi n\u00eb rastet e nj\u00eb infeksioni ne maj\u00ebn e rr\u00ebnj\u00ebs s\u00eb dh\u00ebmbit (Apex-it).<\/p>\n<p style=\"text-align: justify;\">Shpesh zonat e infektuara p\u00ebrtej Apex-it nuk arrihen nga nj\u00eb mbushje e kanalit t\u00eb dh\u00ebmbit.Ne disa raste madje ndosht q\u00eb n\u00eb k\u00ebto zona t\u00eb krijohen edhe Kista.N\u00eb k\u00ebto kushte \u00ebsht\u00eb e nevojshme nj\u00eb nd\u00ebrhyrje m\u00eb e gj\u00ebr\u00eb kirurgjikale e cila konsiston n\u00eb heqjen e indeve t\u00eb s\u00ebmura dh\u00eb mbushjen e k\u00ebsaj hap\u00ebsire me Kolagjen dhe Material biologjik q\u00eb z\u00ebv\u00ebnd\u00ebson kocken duke mund\u00ebsuar k\u00ebshtu sh\u00ebrimin e plot\u00eb t\u00eb infeksionit.<\/p>\n<p>[\/vc_column_text][\/vc_column_inner][vc_column_inner width=&#8221;1\/2&#8243;][vc_empty_space height=&#8221;20px&#8221;][vc_single_image image=&#8221;195&#8243; img_size=&#8221;full&#8221; alignment=&#8221;center&#8221;][\/vc_column_inner][\/vc_row_inner][vc_row_inner][vc_column_inner width=&#8221;1\/2&#8243;][vc_empty_space height=&#8221;30px&#8221;][vc_custom_heading text=&#8221;Kirurgji Parodontale-Trajtim me Lazer&#8221; font_container=&#8221;tag:h3|text_align:left|color:%23f58345&#8243; google_fonts=&#8221;font_family:Montserrat%3Aregular%2C700|font_style:700%20bold%20regular%3A700%3Anormal&#8221;][vc_column_text]<\/p>\n<p style=\"text-align: justify;\">Eleminimi i s\u00ebmundjes s\u00eb mishit t\u00eb dh\u00ebmb\u00ebve dhe Prodontit, p\u00ebr rregullimin estetik pre-protetik. <em>(Faseta\/Korona estetike)<\/em><\/p>\n<p style=\"text-align: justify;\">Zgjatje koronale e lembos.<\/p>\n<p style=\"text-align: justify;\">Frenektomi\/ Frenotomi-Shkurtim ose eleminim i fijes q\u00eb lidh buz\u00ebn me mishin e dh\u00ebmb\u00ebve.<\/p>\n<p>[\/vc_column_text][\/vc_column_inner][vc_column_inner width=&#8221;1\/2&#8243;][vc_single_image image=&#8221;203&#8243; img_size=&#8221;full&#8221; alignment=&#8221;center&#8221;][\/vc_column_inner][\/vc_row_inner][vc_row_inner][vc_column_inner width=&#8221;1\/2&#8243;][vc_empty_space height=&#8221;20px&#8221;][vc_custom_heading text=&#8221;Trajtimi i Abceseve dhe Kistave&#8221; font_container=&#8221;tag:h3|text_align:left|color:%23f58345&#8243; google_fonts=&#8221;font_family:Montserrat%3Aregular%2C700|font_style:700%20bold%20regular%3A700%3Anormal&#8221;][vc_column_text]<\/p>\n<p style=\"text-align: justify;\">N\u00eb trajtimin e Abceseve dhe kistave p\u00ebrfshihet nj\u00eb nd\u00ebrhyrje kirurgjikale e cila konsiston n\u00eb largimin dhe drenimin e materialit t\u00eb tyre i cili si\u00e7 kuptohet konsiderohet s ii d\u00ebmsh\u00ebm e i pasur me baktere e mikroorganizma t\u00eb tjer\u00eb patogjene.<\/p>\n<p style=\"text-align: justify;\">K\u00ebto lloj trsjtimesh k\u00ebrkojn\u00eb nj\u00eb eksperience t\u00eb mjaftueshme n\u00eb m\u00ebnyr\u00eb q\u00eb t\u00eb parandalohen d\u00ebmtime t\u00eb m\u00eb tejshme t\u00eb kockes e t\u00eb dh\u00ebmb\u00ebve.<\/p>\n<p>[\/vc_column_text][\/vc_column_inner][vc_column_inner width=&#8221;1\/2&#8243;][vc_single_image image=&#8221;209&#8243; img_size=&#8221;full&#8221; alignment=&#8221;center&#8221;][\/vc_column_inner][\/vc_row_inner][\/vc_column][\/vc_row]<\/p>\n<\/div>","protected":false},"excerpt":{"rendered":"<p>[vc_row][vc_column][vc_empty_space height=&#8221;62px&#8221;][\/vc_column][\/vc_row][vc_row][vc_column offset=&#8221;vc_hidden-sm vc_hidden-xs&#8221;][\/vc_column][\/vc_row][vc_row][vc_column offset=&#8221;vc_hidden-sm vc_hidden-xs&#8221;][vc_empty_space height=&#8221;62px&#8221;][\/vc_column][\/vc_row][vc_row][vc_column offset=&#8221;vc_hidden-lg vc_hidden-md&#8221;][vc_row_inner][vc_column_inner][vc_custom_heading text=&#8221;Heqja e Dhemballave t\u00eb Pjekuris\u00eb&#8221; font_container=&#8221;tag:h3|text_align:left|color:%23f58345&#8243; google_fonts=&#8221;font_family:Montserrat%3Aregular%2C700|font_style:700%20bold%20regular%3A700%3Anormal&#8221;][vc_column_text] Shpesh prania e dhemballave t\u00eb pjekuris\u00eb paraqet shqet\u00ebsime t\u00ebk pacienti, kjo nga shkaqe t\u00eb ndryshme. Duke konsideruar pozicionin e ketyr\u00eb dh\u00ebmballave, heqja e tyre jo gjithmon\u00eb\u00ebsht\u00eb aq e thjesht\u00ebsa mund t\u00eb pritet e nuk mund t\u00eb realizohet nga \u00e7do&hellip;<\/p>\n","protected":false},"author":1,"featured_media":0,"parent":0,"menu_order":0,"comment_status":"closed","ping_status":"closed","template":"","meta":{"footnotes":""},"class_list":["post-188","page","type-page","status-publish","hentry","description-off"],"_links":{"self":[{"href":"https:\/\/marubidentalcenter.com\/index.php\/wp-json\/wp\/v2\/pages\/188","targetHints":{"allow":["GET"]}}],"collection":[{"href":"https:\/\/marubidentalcenter.com\/index.php\/wp-json\/wp\/v2\/pages"}],"about":[{"href":"https:\/\/marubidentalcenter.com\/index.php\/wp-json\/wp\/v2\/types\/page"}],"author":[{"embeddable":true,"href":"https:\/\/marubidentalcenter.com\/index.php\/wp-json\/wp\/v2\/users\/1"}],"replies":[{"embeddable":true,"href":"https:\/\/marubidentalcenter.com\/index.php\/wp-json\/wp\/v2\/comments?post=188"}],"version-history":[{"count":20,"href":"https:\/\/marubidentalcenter.com\/index.php\/wp-json\/wp\/v2\/pages\/188\/revisions"}],"predecessor-version":[{"id":390,"href":"https:\/\/marubidentalcenter.com\/index.php\/wp-json\/wp\/v2\/pages\/188\/revisions\/390"}],"wp:attachment":[{"href":"https:\/\/marubidentalcenter.com\/index.php\/wp-json\/wp\/v2\/media?parent=188"}],"curies":[{"name":"wp","href":"https:\/\/api.w.org\/{rel}","templated":true}]}}